= j + l. Determine i(o).
0
Let n(l) = 45*l - 15. Let f(y) be the third derivative of 11*y**4/12 - 7*y**3/6 + 6*y**2. Let m(o) = 13*f(o) - 6*n(o). What is m(1)?
15
Let i(x) be the third derivative of -x**4/4 + x**3/6 - 167*x**2. Determine i(-2).
13
Let k(l) = 14*l**3 - 71*l**2 + 46*l - 6. Let w(q) = 5*q**3 - 24*q**2 + 15*q - 2. Let g(p) = 4*k(p) - 11*w(p). Determine g(19).
-2
Let a(k) = -7*k + 25. Let h = -2171 + 2174. What is a(h)?
4
Suppose -4*k - k = 0. Suppose -3*a - 5 = -x - 1, -3*a + 3*x = k. Let t(i) = 0*i - 3 + i + 3. Determine t(a).
-2
Suppose -47*g + 2*u = -51*g + 20, 5*g = 4*u + 12. Let h(d) = -2*d**2 + 7. Determine h(g).
-25
Let r(c) be the second derivative of 0 + 5/6*c**3 - 15*c + 0*c**2 - 1/12*c**4. What is r(3)?
6
Suppose -24 = 10*z - 6*z. Let r(k) = k**3 + 9*k**2 - 2*k - 1. Let p = -6 + 2. Let y(m) = -m**3 - 8*m**2 + 3*m + 1. Let u(f) = p*y(f) - 3*r(f). Calculate u(z).
-1
Let t(d) = 62*d**2 + 92*d - 5. Let a(x) = 29*x**2 + 46*x - 2. Let p(u) = 13*a(u) - 6*t(u). Calculate p(-9).
-5
Let q be ((-128)/12)/(4/(-6)). Suppose -f + 2 = f, -q = 2*u - 2*f. Let j(i) = -i - 2. What is j(u)?
5
Let c(b) = 5*b**2 + 5*b + 5. Let n(z) = -2*z**2 - 2*z - 2. Let v(l) = -3*c(l) - 7*n(l). Determine v(-4).
-13
Let m(b) = b + 128 + 149 - 255. What is m(-21)?
1
Let o be (6 + (-48)/6)*-1. Let r(b) = -b**3 + 4*b**2. Calculate r(o).
8
Let s = 14 + -12. Let v(b) = b**2 + 7*b - 13. Let r be v(-9). Let k(m) = -s*m + r*m - 2*m. Determine k(-3).
-3
Let o(h) = -h**3 + 6*h**2 - 4*h - 1. Let i = -23 + 22. Let j = 24 - i. Let k be 8/5*j/10. What is o(k)?
15
Let i(w) = -2*w**3 - 3*w**2 + 2*w + 13. Let g(t) = t**3 + 2*t**2 - t - 6. Let k(b) = -5*g(b) - 2*i(b). What is k(-5)?
24
Let u(x) = -x**2 - 10*x + 5. Let o be u(-10). Suppose o*a - 7 = 6*a. Let v(d) = -d - 11. What is v(a)?
-4
Let g = -7 - -13. Suppose -9*n = -4*n - 10. Let u(d) = 2 - d**2 + 0*d**2 + 3*d**n + 6*d - 3*d**2. Determine u(g).
2
Let s(q) be the second derivative of -q**5/20 - q**4/3 + q**3/3 - 3*q**2/2 - 213*q. Let t be 2/5 - (-27)/(-5). What is s(t)?
12
Let v(j) = 13*j + 1. Let b be (-1 - 5)/3 - -19. Let y(x) = -18*x - 1 - b*x + 0 + 21*x. Let l(f) = -4*v(f) - 3*y(f). What is l(1)?
-11
Let f(m) = 2 - 8*m + 1 + 11*m - 13. Suppose -2*o + j + 8 = -7, j + 1 = 0. Give f(o).
11
Let t(s) = s - 16 + 24 - 13. Give t(7).
2
Let v(o) = 3*o**2 - 7*o + 4. Let g = -8 + 9. Suppose -4*a + 5*t - 18 = 0, 3*t = a - 4*a. Let q(k) = k**2. Let m(j) = a*q(j) + g*v(j). What is m(5)?
-6
Suppose -f + 10 = -a, 25 = 256*f - 255*f - 4*a. Let v = -1 - -3. Let y(r) = 2*r + r**3 - 8*r**v + 3*r**2 - 6 + 0. Calculate y(f).
4
Suppose 0 = -8*o + 7 + 9. Let m(j) = -j**2 - j + 2. Determine m(o).
-4
Let b = 1/52 - -49/156. Let t(d) be the third derivative of 0 - 1/12*d**4 + 6*d**2 - b*d**3 + 0*d. Give t(-3).
4
Suppose 5*r = s + 19, 60*s - 61*s - r = 1. Let y(g) = g**3 + 5*g**2 + g + 4. Give y(s).
16
Suppose 16*o = 11*o + 50. Suppose -5*r - o = -3*r. Let g(m) = m. Determine g(r).
-5
Let a(c) = 0*c**2 - 23284 - 8*c - c**2 + 23291. Calculate a(-8).
7
Let a be (86/28 + (-44)/77)*-4. Let p(i) = i + 11. Give p(a).
1
Suppose 0 = -2*n - 2*k + 10 - 4, 26 = 4*n - 3*k. Suppose -5*z + n = -15. Let f(x) = -16*x**2 - 20*x**2 - x + 0 + 37*x**2 - 4. Give f(z).
8
Let l(h) = -h**2 + h - 8. Let u(v) = -v**2 + v - 9. Let k(z) = 3*l(z) - 2*u(z). Suppose 0 = -t + 3*n - 15, 4*n = 5*t - 0*n + 20. Calculate k(t).
-6
Let q = 98 - 96. Let w(k) = -7*k - 2 - 8*k**q + 34*k**3 - 35*k**3 - 6. Calculate w(-7).
-8
Let b(y) be the third derivative of -y**5/60 + y**4/3 - 11*y**3/6 + 442*y**2. Determine b(9).
-20
Let h(j) = 33*j**2 - 24*j - 36. Let w(a) = -14*a**2 + 12*a + 18. Let o(m) = 3*h(m) + 7*w(m). What is o(-11)?
7
Let o(m) = 12*m + 1. Suppose 0 = -2*y + 87 + 49. Let a = y - 69. Calculate o(a).
-11
Let t(n) = 5*n + 8*n - 17*n + 5*n + 9. Calculate t(-7).
2
Suppose -398*t = -391*t + 21. Let j(z) = -z**2 - 5*z - 2. Give j(t).
4
Suppose -17*r + 15*r + 6 = 0. Suppose 3 = -3*q, 0 = -r*y + q + 1. Let o(s) = s - 7. Calculate o(y).
-7
Let m(j) = -j**2 - 22*j + 27. Let h be m(-21). Let y be (-2)/(-6) - h/9. Let d(i) = 5*i - 35. Let x(q) = -q + 7. Let v(n) = 2*d(n) + 11*x(n). Give v(y).
12
Suppose -2*o - 12 = -j, 38*j - 33*j - 2*o = 36. Let l(q) = 4*q - 7. What is l(j)?
17
Let j(o) = o**3 + 6*o**2 - 9*o + 4. Let w(s) = s**3 - 11*s**2 + 18*s. Let f be w(9). Let u be (1 + f)/(1/(-7)). Calculate j(u).
18
Let u(a) = -4*a**2 - 11*a - 3. Suppose 2*x - 44 = 6*x. Let d(o) = 1 + o**2 + 4*o - 4*o + 4*o. Let v(f) = x*d(f) - 4*u(f). Give v(1).
6
Let h(i) be the second derivative of -3*i**4/4 + i**3/3 + i**2/2 - 180*i - 2. Determine h(-1).
-10
Let l(u) = -5*u + 2. Let i(m) = -2*m + 1. Let b(q) = 7*i(q) - 3*l(q). Give b(-3).
-2
Let i(b) = -11*b - 6. Let k(y) = -y - 2. Suppose -26*s = -29*s - 3. Let t(d) = s*i(d) + 4*k(d). Give t(1).
5
Let f(q) be the third derivative of 0 + 29*q**2 + 7/24*q**4 - 1/120*q**6 - 4/3*q**3 - 1/12*q**5 + 0*q. Suppose 2*r = -0*r - 2, 2*r = 2*w + 10. Calculate f(w).
-14
Suppose 9*c - 12 = 33. Let d(a) be the first derivative of a**4/4 - 4*a**3/3 - 2*a**2 - 5*a + 15. Calculate d(c).
0
Let n(a) = -13*a**3 - 25*a**2 - 12*a + 12. Let q(f) = -3*f**3 - 6*f**2 - 3*f + 3. Let x be 27/(-9)*(-4)/(-6). Let b(r) = x*n(r) + 9*q(r). What is b(-3)?
3
Let o(l) = -11*l**3 - l**2 - 11*l - 1. Let y(k) = 5*k**3 + k**2 + 5*k. Let g(m) = 4*o(m) + 9*y(m). Let w = -3207 + 3203. Determine g(w).
8
Let g(d) = 0 - d + 7*d**2 + 0 - 2 - 18*d**2 + 12*d**2. Calculate g(0).
-2
Suppose -27 = 2*b + b. Let f(m) = -2 - 4 - 1 - 4 + 6*m + m**2. Calculate f(b).
16
Let g(d) = d**2 - 5*d + 2. Suppose 34*u - 237 - 1 = 0. Determine g(u).
16
Let g(w) = -29 - 4*w + 11 - 4*w + 7*w. Calculate g(0).
-18
Let h(s) = 2*s + 2. Let q = -98 + 91. Let z be (3 + -4)/(1/q). Determine h(z).
16
Let s(m) = 3*m - 7 + 6 + 4. Suppose 5*f + 44 = -5*b + 14, 2*b + 3*f + 13 = 0. Calculate s(b).
-12
Suppose -6*n - 216 = -15*n. Let r(l) = -24*l**2 - 2 + l + 1 - n*l**2 + 49*l**2. What is r(-4)?
11
Let h(p) = -3*p**2 - 14218*p**3 + p**2 - 3 + 14216*p**3 - 4*p. Let y(c) = -c - 1. Let o be y(1). Calculate h(o).
13
Let l(s) = 7*s**2 + 70*s - 70*s - 9*s**2. Give l(2).
-8
Let p(l) be the first derivative of -1/2*l**2 - 6 - 2*l. Let t be (-2)/(-3)*(-42)/(-4). What is p(t)?
-9
Let m(q) be the first derivative of -4 + 2*q**3 + 0*q**2 - 6*q - 1/4*q**4. Let b be (-56)/(-10) + (-8)/(-20). Calculate m(b).
-6
Suppose -2*u = 2*p + 18, -3*p + 12 = -3*u - p. Let s = 5 - u. Let c(b) = b**2 + s + 30*b**3 - 2*b**2 - 29*b**3. What is c(0)?
11
Let p(n) = -3*n**2 + 2*n + 1. Let q(d) = -d**2 - 7*d + 10. Let c be q(-8). Determine p(c).
-7
Let y(g) = 4*g**3 - 33*g**2 + 16*g + 12. Let c = 19 + -17. Let z(t) = t**3 - 8*t**2 + 4*t + 3. Let p(j) = c*y(j) - 9*z(j). Calculate p(5).
2
Let p(d) = d**3 + 6*d**2 + 2. Let w be p(-6). Let l be 0 + 8 + w/(-1). Let a(f) = 2*f + 2*f + 2*f + 5*f**2 + 2 + 0*f**2 - f**3. Determine a(l).
2
Let l(x) be the first derivative of x**4/24 + 5*x**3/6 + x**2/2 - 38*x - 35. Let y(n) be the second derivative of l(n). Determine y(-5).
0
Let a(k) = 4*k**3 + 1. Let l be a(1). Suppose -4*m - 8 + 0 = -5*n, -l*m = -15. Let p(q) = 3*q**2 + 27*q + 1 - 20*q - 13*q - q**2. Give p(n).
9
Let g(r) = -4*r**3 + 8*r**2 + 4*r. Let s(j) = 14*j**3 - 22*j**2 - 11*j. Let u(c) = -8*g(c) - 3*s(c). Calculate u(-1).
11
Let q = -8 + 12. Let j(n) = -1 - n**2 + 2 + q - 7 - 4*n. Suppose 0 = -4*f + 5*f + 4. Calculate j(f).
-2
Let y be ((-25)/15)/(-1)*3. Let w(t) be the third derivative of 1/24*t**4 + 0*t**5 + 0 + y*t**2 + 0*t + 1/120*t**6 + t**3. Calculate w(0).
6
Suppose -4*b = -16 - 8. Let g(p) = -2*p + 7 - 10 + 12. Calculate g(b).
-3
Let d(l) = -38*l + 57*l + 12 + l**3 - 7*l**2 - 28*l. Calculate d(8).
4
Let a(w) = w**2 + w - 1. Let q(m) = m**2 - 12 + 9 + 1 + 2*m. Let o(b) = 6*a(b) - 5*q(b). Let h(f) = -f**2 + 6*f + 4. Let k be h(6). Determine o(k).
4
Suppose 11*h - 30 - 3 = 0. Let a(w) = -h - 4*w - w**2 + 9 - 10. Suppose -s + 0 = 3. Determine a(s).
-1
Let r(q) = -q - 10. Suppose -d - 4 = -8. Suppose 0 = -7*c + 4*c + 30. Suppose 46 = -7*z + 2*z - 4*x, -d*x - c = -z. What is r(z)?
-4
Let c(m) = -84*m**2 - 11*m + 8. Let q(x) = -29*x**2 - 4*x + 3. Let f(l) = -3*c(l) + 8*q(l). Give f(1).
21
Let a(f) = f**2 - 9*f - 11. Let v be (8/(-16) - 5)/((-2)/4). Determine a(v).
1